actors of n?
3, 5
Let c(o) = -o**3 + 70*o**2 - 65*o - 621. What are the prime factors of c(55)?
41179
Let m(w) = 10*w + 14. Let p(r) = 2*r + 3. Let z(l) = -3*m(l) + 16*p(l). Let q be z(-6). Let a(s) = s**3 + 7*s**2 - s. List the prime factors of a(q).
2, 3, 7
Let z(o) = -2*o**3 - 6*o**2 - 6*o - 4. Let a be ((-9)/(-6))/(5/(-10)). Let y be z(a). Suppose -y*n + 690 = -2026. List the prime factors of n.
2, 97
Let o(g) = -g**2 - 6*g - 6. Let b be o(-3). Suppose b*t = 2*c - 2304, 1146 = 16*c - 15*c - 3*t. List the prime factors of c.
2, 3, 193
Let o(y) = 11548*y + 108. What are the prime factors of o(3)?
2, 3, 181
Suppose -b - 15098 = -2*f + 5282, -3*f + 3*b = -30561. What are the prime factors of f?
10193
List the prime factors of -151 - -12976 - (0/(-1))/(-2).
3, 5, 19
Suppose 5 = -q, 2*u + 4*q = -u - 29. Let i = 1 + u. List the prime factors of (-81 - 2)*(i + 1).
83
Let s(l) be the first derivative of -l**4/4 + 22*l**3/3 - 19*l**2/2 + 9*l + 257. What are the prime factors of s(13)?
1283
Let g(a) = 30*a**3 - 3*a**2 + 2*a + 10. Let t be g(5). Suppose -t = -2*n - 1219. Suppose 12*z - n = -398. What are the prime factors of z?
2, 5, 7
Let b(o) = -o**2 - 3*o + 100. Suppose -205 = 3*m + 4*j, 198 = -3*m + 4*j - j. Let a = m - -67. List the prime factors of b(a).
2, 5
Suppose -3*g + 14599 + 68319 = 11965. What are the prime factors of g?
67, 353
Suppose -7*s = -11 - 269. Suppose 0 = 2*k - 6*k + s. List the prime factors of (-1 + -16)*(3 - k).
7, 17
Let m be (-4 - (-3 + -3 - 2))/1. Suppose 0 = 2*k, m*k + 24 = -2*p + 1564. List the prime factors of p.
2, 5, 7, 11
Let k(x) = x**3 - 28*x**2 - 28*x + 32. What are the prime factors of k(31)?
23, 89
Let c(i) = 12*i - 75. Let x be c(7). Let s = 89 - -119. Suppose 0 = 8*h - x*h + s. List the prime factors of h.
2, 13
Let w be (-3)/(-2)*7/((-35)/10). Let u be (-2 - 1055/10)/(w/42). Suppose -325*t = -320*t - u. What are the prime factors of t?
7, 43
Let x(u) = u**3 + 6*u**2 + 5*u - 3. Let h be x(-5). What are the prime factors of 314 + h + (0 - (-20)/4)?
2, 79
Let q(o) = 121*o + 9. Let z = -64 - -70. What are the prime factors of q(z)?
3, 5, 7
Suppose 2*a - 1620 - 634 = 0. Let x = a + -678. What are the prime factors of x?
449
Suppose -7256*i + 7260*i - 11500 = 0. What are the prime factors of i?
5, 23
Suppose 2*o + 2*a - 10522 - 5606 = 0, 5*o = -3*a + 40320. Suppose -z = -10*z + o. Suppose 5*k - 4*b - z = -b, -3*b + 552 = 3*k. What are the prime factors of k?
181
Suppose -32017 - 787318 = -233*y + 544647. What are the prime factors of y?
2, 2927
Suppose 0 = -150*u + 147*u + 5*i + 3476, -4673 = -4*u - i. Suppose d - u = -2*l, -d + 0*d - 5*l + 1158 = 0. What are the prime factors of d?
3, 17, 23
Let o = 253 - 250. Suppose -s + o*s + x = 779, -5*x = -15. What are the prime factors of s?
2, 97
Let x = 28 - 148. Let h = x - -117. What are the prime factors of (-483)/14*2/h?
23
Suppose -4*s = n - 5233, -6539 = 47*s - 52*s + n. List the prime factors of s.
2, 3, 109
Let f = 7043 - 4065. Suppose 0 = -10*q + f + 7012. List the prime factors of q.
3, 37
Let y(m) = 3*m - 34. Let j be y(11). Let f be 217*(j/3)/((-14)/36). Suppose f = -2*d + 5*d. What are the prime factors of d?
2, 31
Let z(t) = 3188*t**2 + 48*t + 230. What are the prime factors of z(-4)?
2, 25523
Let p = -7237 - -14279. What are the prime factors of p?
2, 7, 503
Let g be 124/1*1 + 2. Let f(s) = -s**2 + 11*s + 23. Let j be f(14). Let m = j + g. List the prime factors of m.
107
Let a(z) = 2*z**2 + 5*z + 5. Let j be a(-1). Suppose -2*c = -j*l - 590, c + 0*l = 4*l + 292. What are the prime factors of c?
2, 37
What are the prime factors of -5 - (-2 - -2) - (-3903845)/((-2970)/(-54))?
2, 3, 3943
What are the prime factors of 0 - -1 - 7 - 353100/(-20)?
3, 37, 53
Suppose -5*x + d + 12 = 0, -x + 3*d - 3 = x. List the prime factors of (51/x)/((-4)/(-92)).
17, 23
Let w(z) = -214*z + 170. Let d(j) = -72*j + 57. Let y(s) = 8*d(s) - 3*w(s). List the prime factors of y(5).
2, 3, 23
Let n = -16265 + 25208. What are the prime factors of n?
3, 11, 271
Let z(x) be the third derivative of x**5/30 + x**4/8 - 3*x**3/2 - 11*x**2. Let w be z(-6). Let t = 205 - w. List the prime factors of t.
2, 5
Let c(z) = -40*z**2 + 1411*z - 17. What are the prime factors of c(21)?
2, 5987
Suppose -4*m - 1404 = -3*r - 0*m, 0 = -r - 5*m + 468. Let f = r + -54. List the prime factors of f.
2, 3, 23
Let s be ((-12)/6*99/(-6))/1. Let v = s + -30. Suppose -5*o = -2*j - 523, -3*o + 6*o - 312 = v*j. What are the prime factors of o?
3, 5, 7
Suppose -4*m + 5 = -3*c, -3*c - 5 = 2*c - 5*m. Let y be (-3)/2*(-1 - c). Suppose -y*g = 3*o - 45, 3*g = o + 4 + 1. List the prime factors of o.
2, 5
Suppose -x - 9 = -2*x. Suppose 74 = o + x. Let t = o - 13. What are the prime factors of t?
2, 13
Suppose 30*y - 29*y - 32342 = 5*i, 6*y + 5*i = 194017. What are the prime factors of y?
3, 3593
What are the prime factors of (8/(-3))/(27/(-70146))?
2, 433
Suppose 2*o - 8*g + 9*g = 41, 2*o = -4*g + 26. Suppose -o*y - 4*y + 30996 = 0. What are the prime factors of y?
2, 7, 41
List the prime factors of (167 - 0)/(81/17739).
3, 73, 167
Suppose r = -a + 30, -2*a + 5*a - r = 110. Let g(h) = 78*h**2 - 2 - 19*h + a*h + 3 - 14*h. What are the prime factors of g(-1)?
7, 11
Let r(y) = -y**3 - y**2 + 24*y + 12. Let v be r(-6). What are the prime factors of ((-28)/(-16))/7 + 57252/v?
1193
Suppose 0 = -3*r + 37*r + 306. Let z(a) = 9*a**2 + 6*a + 6. What are the prime factors of z(r)?
3, 227
Let v(f) = f**2 + 13*f + 38. Suppose -12 = -4*y - 48. Let a be v(y). Suppose 0 = -2*q - 4*u + 204, 2*q + a*u = 5*u + 183. List the prime factors of q.
2, 3
Let l(r) be the second derivative of r**4/3 + 5*r**3/2 + 9*r**2/2 - 29*r. Let j be l(-5). Let m = 86 + j. List the prime factors of m.
2, 3, 5
Suppose 4*i - 32678 = -2*h, -176*h + 177*h - 6*i - 16395 = 0. List the prime factors of h.
3, 23, 79
Suppose 25*d = 13*d + 57168. What are the prime factors of d?
2, 3, 397
Suppose -3*v - 5*o = -7263, -12 = -41*o + 37*o. What are the prime factors of v?
2, 151
Suppose 7*i - 376 = -5808. Let s = i + 1002. List the prime factors of s.
2, 113
Let o = -1059 - -3308. Suppose -1315 = -4*s + 2*k + o, -891 = -s + 3*k. What are the prime factors of s?
3, 11
Let r = 20 - 25. What are the prime factors of (1668/3)/((r - -13)/4)?
2, 139
List the prime factors of ((-10)/(-20))/(-1)*1*-6 - -8832.
3, 5, 19, 31
Let h be (1/(-4))/(8/2144). Let t = 323 + h. What are the prime factors of t?
2
What are the prime factors of (612/(-30))/((-60)/2800)?
2, 7, 17
Suppose -333752 = 40*i - 178*i + 6395404. List the prime factors of i.
2, 3, 7, 43
Suppose 9286*m - 231205 = 9273*m. List the prime factors of m.
5, 3557
Let i be (9/27)/(1/6*-2). Let v be (i*(-1244)/5)/((-22)/(-55)). Suppose -5*f = -d - 2*d + v, -8 = 4*f. What are the prime factors of d?
2, 3, 17
Suppose 79*k - 75*k = h - 9152, 2*k = -4*h + 36644. List the prime factors of h.
2, 5, 229
Let h = -764 - -763. Let s(a) = -5*a + 4*a - 123*a**3 - 1 + a**2 - 2*a**2. What are the prime factors of s(h)?
2, 61
Let g be -5 + (100/(-2))/(-5). Suppose 0*u = 5*c + 4*u + 60, -4*c - 39 = g*u. Let q(f) = f**3 + 15*f**2 - 26*f + 16. List the prime factors of q(c).
2, 11
Suppose 0 = 1635*u - 1637*u, s = 3*u + 49281. List the prime factors of s.
3, 16427
Let r(b) = 0*b - 9*b**3 + 8*b**3 - b + 13 + 11*b**2. Let l be r(11). Suppose -2*v + 102 = l*u, -3*v + 204 = v + 3*u. List the prime factors of v.
3, 17
Let d = -27473 + 48518. What are the prime factors of d?
3, 5, 23, 61
Let c(d) = 173*d - 137. Let h be c(3). Suppose s - 1109 = -5*q - 142, h = 2*q - 2*s. What are the prime factors of q?
193
Let n(d) = 8*d**2 - 20*d - 103. Let w be n(-4). List the prime factors of (-5)/(w/12) + 84432/168.
2, 251
Let t(l) = 501*l**2 + 316*l - 2197. List the prime factors of t(7).
2, 3, 23, 89
Let l(q) = -q**2 + 9*q + 1. Let m be l(3). List the prime factors of (m/(76/(-9512)))/(-2 - 0).
29, 41
Let l(w) = 17*w**2 - 5*w + 3. Let f = 38 + -28. Suppose -7 = q - f. List the prime factors of l(q).
3, 47
Let f(m) = -m**3 - 15*m**2 + m - 21. Let i be f(-16). Suppose 3*v + i + 502 = y, y + v - 729 = 0. What are the prime factors of y?
727
Suppose -2*i + 4 = 4*m, 0 = -4*i + 4 + 12. What are the prime factors of (-3)/((-444)/(-446) + m)?
3, 223
Suppose 114*o + 97840 